{"id":106,"date":"2022-08-23T16:39:38","date_gmt":"2022-08-23T14:39:38","guid":{"rendered":"https:\/\/clairetdegaillon.fr\/?page_id=106"},"modified":"2022-08-23T17:57:22","modified_gmt":"2022-08-23T15:57:22","slug":"nos-cepages-2","status":"publish","type":"page","link":"https:\/\/clairetdegaillon.fr\/index.php\/nos-cepages-2\/","title":{"rendered":"Nos c\u00e9pages"},"content":{"rendered":"\n<h2 class=\"wp-block-heading\"><mark style=\"background-color:rgba(0, 0, 0, 0)\" class=\"has-inline-color has-vivid-red-color\">Fiche technique du Florentin dor\u00e9<\/mark><\/h2>\n\n\n\n<div class=\"wp-block-media-text alignwide is-stacked-on-mobile\" style=\"grid-template-columns:49% auto\"><figure class=\"wp-block-media-text__media\"><img loading=\"lazy\" decoding=\"async\" width=\"314\" height=\"324\" src=\"http:\/\/clairetdegaillon.fr\/wp-content\/uploads\/2022\/08\/2e6a7a_6a42fca493c848ba8524f906d6fcabf8.webp\" alt=\"\" class=\"wp-image-114 size-full\" srcset=\"https:\/\/clairetdegaillon.fr\/wp-content\/uploads\/2022\/08\/2e6a7a_6a42fca493c848ba8524f906d6fcabf8.webp 314w, https:\/\/clairetdegaillon.fr\/wp-content\/uploads\/2022\/08\/2e6a7a_6a42fca493c848ba8524f906d6fcabf8-291x300.webp 291w\" sizes=\"auto, (max-width: 314px) 100vw, 314px\" \/><\/figure><div class=\"wp-block-media-text__content\">\n<p class=\"has-small-font-size\"><strong>Origine g\u00e9n\u00e9tique :&nbsp;<\/strong><\/p>\n\n\n\n<p style=\"font-size:12px\">Croisement&nbsp;inter-sp\u00e9cifique&nbsp;du 7489 INRA Bordeaux avec la Perle de Csaba obtenu en 1981.&nbsp; <\/p>\n\n\n\n<p class=\"has-small-font-size\"><strong>Caract\u00e9ristiques amp\u00e9lographiques :<\/strong>&nbsp;<\/p>\n\n\n\n<p style=\"font-size:12px\"><br>Bourgeonnement \u00e9panoui, rouge\u00e2tre, aran\u00e9eux, jeune feuille rouge\u00e2tre, brillante aran\u00e9euse.&nbsp;<br>Feuille adulte orbiculaire, petite, quinquelob\u00e9e et involut\u00e9e, limbe brillant dessus, vert fonc\u00e9. Face inf\u00e9rieure l\u00e9g\u00e8rement aran\u00e9euse. Nervures rouges. Sinus p\u00e9tiolaire en lyre ferm\u00e9e arrondie. Sinus lat\u00e9raux arrondis \u00e0 bords chevauchants.&nbsp;Dents courtes, ogivales. P\u00e9tiole long et color\u00e9.&nbsp;<\/p>\n\n\n\n<p style=\"font-size:12px\">Grappe petite, ail\u00e9e, l\u00e2che, p\u00e9doncule court peu ao\u00fbt\u00e9. baie ronde type chasselas, moyenne, peau assez fine devenant tr\u00e8s dor\u00e9e \u00e0 maturit\u00e9. P\u00e9pins pr\u00e9sents, go\u00fbt muscat\u00e9 l\u00e9ger, tr\u00e8s floral.<\/p>\n\n\n\n<p style=\"font-size:12px\"> <\/p>\n\n\n\n<p><br><\/p>\n<\/div><\/div>\n\n\n\n<div class=\"wp-block-media-text alignwide is-stacked-on-mobile\"><figure class=\"wp-block-media-text__media\"><img loading=\"lazy\" decoding=\"async\" width=\"313\" height=\"252\" src=\"http:\/\/clairetdegaillon.fr\/wp-content\/uploads\/2022\/08\/2e6a7a_e07d020779704150b7158fa06cb86f4e.webp\" alt=\"\" class=\"wp-image-112 size-full\" srcset=\"https:\/\/clairetdegaillon.fr\/wp-content\/uploads\/2022\/08\/2e6a7a_e07d020779704150b7158fa06cb86f4e.webp 313w, https:\/\/clairetdegaillon.fr\/wp-content\/uploads\/2022\/08\/2e6a7a_e07d020779704150b7158fa06cb86f4e-300x242.webp 300w\" sizes=\"auto, (max-width: 313px) 100vw, 313px\" \/><\/figure><div class=\"wp-block-media-text__content\">\n<p class=\"has-small-font-size\"><strong>Caract\u00e9ristiques technologiques :<\/strong><\/p>\n\n\n\n<p style=\"font-size:12px\"><br>Epoque de d\u00e9bourrement quelques jours avant le Chasselas&nbsp;<br>Maturit\u00e9 : tr\u00e8s pr\u00e9coce, fin ao\u00fbt \u00e0 Bordeaux, ce qui rend sa culture possible dans toute la France et notamment dans les r\u00e9gions septentrionales.&nbsp;<br>Vigueur : moyenne \u00e0 forte&nbsp;<br>Sensibilit\u00e9 \u00e0 la pourriture grise \u00e0 l\u2019o\u00efdium et au mildiou : faible&nbsp;<br>Rendement, fertilit\u00e9 : forts rendements. La fertilit\u00e9 est \u00e9lev\u00e9e \u00e9galement sur les gourmands. Risque de coulure certaines ann\u00e9es.&nbsp;<br>Poids moyen des grappes : Environ 200 grammes&nbsp;<br>Particularit\u00e9s : Si l\u2019on pratique un \u00e9claircissage au printemps, les baies sont dor\u00e9es \u00e0 pleine maturit\u00e9.&nbsp;<br>Go\u00fbt discr\u00e8tement musqu\u00e9, floral, pulpe juteuse.&nbsp;<br>Statut juridique : le classement au catalogue officiel des vari\u00e9t\u00e9s de vigne est : \u00ab Vigne d\u2019agr\u00e9ment \u00bb<\/p>\n<\/div><\/div>\n\n\n\n<h2 class=\"has-vivid-red-color has-text-color wp-block-heading\">Fiche technique du Baco noir<\/h2>\n\n\n\n<div class=\"wp-block-media-text alignwide is-stacked-on-mobile\"><figure class=\"wp-block-media-text__media\"><img loading=\"lazy\" decoding=\"async\" width=\"313\" height=\"307\" src=\"http:\/\/clairetdegaillon.fr\/wp-content\/uploads\/2022\/08\/2e6a7a_ddd1fc0726f14244956b9a9e99357257.webp\" alt=\"\" class=\"wp-image-113 size-full\" srcset=\"https:\/\/clairetdegaillon.fr\/wp-content\/uploads\/2022\/08\/2e6a7a_ddd1fc0726f14244956b9a9e99357257.webp 313w, https:\/\/clairetdegaillon.fr\/wp-content\/uploads\/2022\/08\/2e6a7a_ddd1fc0726f14244956b9a9e99357257-300x294.webp 300w\" sizes=\"auto, (max-width: 313px) 100vw, 313px\" \/><\/figure><div class=\"wp-block-media-text__content\">\n<p class=\"has-small-font-size\"><strong>Identification\/Origine :&nbsp;<\/strong><\/p>\n\n\n\n<p style=\"font-size:12px\">Il est issu du croisement de la folle blanche (c\u00e9page du Gros Plant du Pays nantais) avec un vitis am\u00e9ricain, le Riparia grand glabre Il a \u00e9t\u00e9 cr\u00e9\u00e9 en 1902 par l\u2019hybrideur Fran\u00e7ois BACO.<br>Suivant les r\u00e9gions, on peut encore trouver quelques petites parcelles de vignes de Baco noir souvent m\u00e9lang\u00e9 \u00e0 d&rsquo;autres vari\u00e9t\u00e9s. On peut \u00e9galement de trouver des treilles ou tonnelles install\u00e9es depuis fort longtemps devant d&rsquo;anciennes demeures et se maintenant encore d&rsquo;une fa\u00e7on plus que remarquable gr\u00e2ce \u00e0 la grande vigueur de ce c\u00e9page.<\/p>\n\n\n\n<p style=\"font-size:12px\">A noter qu&rsquo;il existe \u00e9galement un Baco blanc (22 A Baco) issu du croisement de la folle blanche avec le Noah qui est autoris\u00e9 pour la production d\u2019Armagnac<\/p>\n\n\n\n<p class=\"has-small-font-size\"><strong>Description :&nbsp;<\/strong><\/p>\n\n\n\n<p style=\"font-size:12px\">Grappes petites \u00e0 moyennes, cylindriques, plus ou moins compactes, p\u00e9doncules courts \u00e0 moyens g\u00e9n\u00e9ralement fins et restant verts; baies petites, sph\u00e9riques, d&rsquo;un beau noir bleut\u00e9, pulpe molle \u00e0 saveur herbac\u00e9e.<\/p>\n\n\n\n<p style=\"font-size:12px\">\u00a0<\/p>\n\n\n\n<p><\/p>\n<\/div><\/div>\n\n\n\n<div class=\"wp-block-media-text alignwide is-stacked-on-mobile\"><figure class=\"wp-block-media-text__media\"><img loading=\"lazy\" decoding=\"async\" width=\"224\" height=\"224\" src=\"https:\/\/clairetdegaillon.fr\/wp-content\/uploads\/2022\/08\/baco_noir.jpg\" alt=\"\" class=\"wp-image-133 size-full\" srcset=\"https:\/\/clairetdegaillon.fr\/wp-content\/uploads\/2022\/08\/baco_noir.jpg 224w, https:\/\/clairetdegaillon.fr\/wp-content\/uploads\/2022\/08\/baco_noir-150x150.jpg 150w, https:\/\/clairetdegaillon.fr\/wp-content\/uploads\/2022\/08\/baco_noir-100x100.jpg 100w\" sizes=\"auto, (max-width: 224px) 100vw, 224px\" \/><\/figure><div class=\"wp-block-media-text__content\">\n<p class=\"has-small-font-size\"><strong>Aptitudes de production :&nbsp;<\/strong><\/p>\n\n\n\n<p style=\"font-size:12px\">D\u00e9bourre t\u00f4t et certaines ann\u00e9es il faut craindre les gel\u00e9es printani\u00e8res en sachant malheureusement qu&rsquo;il est peu fructif\u00e8re sur ses contre-bourgeons. En revanche, il a une tr\u00e8s bonne r\u00e9sistance au froid hibernal. maturit\u00e9 pr\u00e9coce<br>Tr\u00e8s vigoureux, produit de longs sarments puissants et son port est rampant.<br>Sa r\u00e9sistance au phylloxera n&rsquo;est pas suffisante dans tous les sols encore qu&rsquo;il arrive toujours \u00e0 surmonter cet inconv\u00e9nient grace \u00e0 sa tr\u00e8s grande vigueur avec quelquefois pr\u00e9sence de galles sur ses feuilles.<br>R\u00e9siste assez bien au calcaire jusqu&rsquo;\u00e0 30 \u00e0 40% de calcaire total. Il n&rsquo;est pas sujet \u00e0 la coulure et poss\u00e8de une bonne r\u00e9sistance au mildiou et \u00e0 l&rsquo;o\u00efdium. Il est toutefois un peu sensible \u00e0 la pourriture grise et tr\u00e8s sensible \u00e0 l&rsquo;\u00e9rinose. Enfin, le Baco noir se multiplie tr\u00e8s bien par bouturage.\u00a0<\/p>\n\n\n\n<p class=\"has-small-font-size\"><strong>Type de vin :&nbsp;<\/strong><\/p>\n\n\n\n<p style=\"font-size:12px\">Donne des vins riches en alcool, tr\u00e8s color\u00e9s, un peu amers. Lorsqu&rsquo;il est vinifi\u00e9 en ros\u00e9 son vin est alors consid\u00e9r\u00e9 comme correct.<\/p>\n<\/div><\/div>\n","protected":false},"excerpt":{"rendered":"<p>Fiche technique du Florentin dor\u00e9 Origine g\u00e9n\u00e9tique :&nbsp; Croisement&nbsp;inter-sp\u00e9cifique&nbsp;du 7489 INRA Bordeaux avec la Perle de Csaba obtenu en 1981.&nbsp; Caract\u00e9ristiques amp\u00e9lographiques :&nbsp; Bourgeonnement \u00e9panoui, rouge\u00e2tre, aran\u00e9eux, jeune feuille rouge\u00e2tre, brillante aran\u00e9euse.&nbsp;Feuille adulte orbiculaire, petite, quinquelob\u00e9e et involut\u00e9e, limbe brillant dessus, vert fonc\u00e9. Face inf\u00e9rieure l\u00e9g\u00e8rement aran\u00e9euse. Nervures rouges. Sinus p\u00e9tiolaire en lyre ferm\u00e9e arrondie. &hellip; <\/p>\n<p class=\"link-more\"><a href=\"https:\/\/clairetdegaillon.fr\/index.php\/nos-cepages-2\/\" class=\"more-link\">Continuer la lecture<span class=\"screen-reader-text\"> de &laquo;&nbsp;Nos c\u00e9pages&nbsp;&raquo;<\/span><\/a><\/p>\n","protected":false},"author":1,"featured_media":0,"parent":0,"menu_order":0,"comment_status":"closed","ping_status":"closed","template":"","meta":{"footnotes":""},"class_list":["post-106","page","type-page","status-publish","hentry"],"_links":{"self":[{"href":"https:\/\/clairetdegaillon.fr\/index.php\/wp-json\/wp\/v2\/pages\/106","targetHints":{"allow":["GET"]}}],"collection":[{"href":"https:\/\/clairetdegaillon.fr\/index.php\/wp-json\/wp\/v2\/pages"}],"about":[{"href":"https:\/\/clairetdegaillon.fr\/index.php\/wp-json\/wp\/v2\/types\/page"}],"author":[{"embeddable":true,"href":"https:\/\/clairetdegaillon.fr\/index.php\/wp-json\/wp\/v2\/users\/1"}],"replies":[{"embeddable":true,"href":"https:\/\/clairetdegaillon.fr\/index.php\/wp-json\/wp\/v2\/comments?post=106"}],"version-history":[{"count":6,"href":"https:\/\/clairetdegaillon.fr\/index.php\/wp-json\/wp\/v2\/pages\/106\/revisions"}],"predecessor-version":[{"id":134,"href":"https:\/\/clairetdegaillon.fr\/index.php\/wp-json\/wp\/v2\/pages\/106\/revisions\/134"}],"wp:attachment":[{"href":"https:\/\/clairetdegaillon.fr\/index.php\/wp-json\/wp\/v2\/media?parent=106"}],"curies":[{"name":"wp","href":"https:\/\/api.w.org\/{rel}","templated":true}]}}

Nos cépages

<h2 class="wp-block-heading"><mark style="background-color:rgba(0, 0, 0, 0)" class="has-inline-color has-vivid-red-color">Fiche technique du Florentin doré</mark></h2>



<div class="wp-block-media-text alignwide is-stacked-on-mobile" style="grid-template-columns:49% auto"><figure class="wp-block-media-text__media"><img loading="lazy" decoding="async" width="314" height="324" src="http://clairetdegaillon.fr/wp-content/uploads/2022/08/2e6a7a_6a42fca493c848ba8524f906d6fcabf8.webp" alt="" class="wp-image-114 size-full" srcset="https://clairetdegaillon.fr/wp-content/uploads/2022/08/2e6a7a_6a42fca493c848ba8524f906d6fcabf8.webp 314w, https://clairetdegaillon.fr/wp-content/uploads/2022/08/2e6a7a_6a42fca493c848ba8524f906d6fcabf8-291x300.webp 291w" sizes="auto, (max-width: 314px) 100vw, 314px" /></figure><div class="wp-block-media-text__content">
<p class="has-small-font-size"><strong>Origine génétique :&nbsp;</strong></p>



<p style="font-size:12px">Croisement&nbsp;inter-spécifique&nbsp;du 7489 INRA Bordeaux avec la Perle de Csaba obtenu en 1981.&nbsp; </p>



<p class="has-small-font-size"><strong>Caractéristiques ampélographiques :</strong>&nbsp;</p>



<p style="font-size:12px"><br>Bourgeonnement épanoui, rougeâtre, aranéeux, jeune feuille rougeâtre, brillante aranéeuse.&nbsp;<br>Feuille adulte orbiculaire, petite, quinquelobée et involutée, limbe brillant dessus, vert foncé. Face inférieure légèrement aranéeuse. Nervures rouges. Sinus pétiolaire en lyre fermée arrondie. Sinus latéraux arrondis à bords chevauchants.&nbsp;Dents courtes, ogivales. Pétiole long et coloré.&nbsp;</p>



<p style="font-size:12px">Grappe petite, ailée, lâche, pédoncule court peu aoûté. baie ronde type chasselas, moyenne, peau assez fine devenant très dorée à maturité. Pépins présents, goût muscaté léger, très floral.</p>



<p style="font-size:12px"> </p>



<p><br></p>
</div></div>



<div class="wp-block-media-text alignwide is-stacked-on-mobile"><figure class="wp-block-media-text__media"><img loading="lazy" decoding="async" width="313" height="252" src="http://clairetdegaillon.fr/wp-content/uploads/2022/08/2e6a7a_e07d020779704150b7158fa06cb86f4e.webp" alt="" class="wp-image-112 size-full" srcset="https://clairetdegaillon.fr/wp-content/uploads/2022/08/2e6a7a_e07d020779704150b7158fa06cb86f4e.webp 313w, https://clairetdegaillon.fr/wp-content/uploads/2022/08/2e6a7a_e07d020779704150b7158fa06cb86f4e-300x242.webp 300w" sizes="auto, (max-width: 313px) 100vw, 313px" /></figure><div class="wp-block-media-text__content">
<p class="has-small-font-size"><strong>Caractéristiques technologiques :</strong></p>



<p style="font-size:12px"><br>Epoque de débourrement quelques jours avant le Chasselas&nbsp;<br>Maturité : très précoce, fin août à Bordeaux, ce qui rend sa culture possible dans toute la France et notamment dans les régions septentrionales.&nbsp;<br>Vigueur : moyenne à forte&nbsp;<br>Sensibilité à la pourriture grise à l’oïdium et au mildiou : faible&nbsp;<br>Rendement, fertilité : forts rendements. La fertilité est élevée également sur les gourmands. Risque de coulure certaines années.&nbsp;<br>Poids moyen des grappes : Environ 200 grammes&nbsp;<br>Particularités : Si l’on pratique un éclaircissage au printemps, les baies sont dorées à pleine maturité.&nbsp;<br>Goût discrètement musqué, floral, pulpe juteuse.&nbsp;<br>Statut juridique : le classement au catalogue officiel des variétés de vigne est : « Vigne d’agrément »</p>
</div></div>



<h2 class="has-vivid-red-color has-text-color wp-block-heading">Fiche technique du Baco noir</h2>



<div class="wp-block-media-text alignwide is-stacked-on-mobile"><figure class="wp-block-media-text__media"><img loading="lazy" decoding="async" width="313" height="307" src="http://clairetdegaillon.fr/wp-content/uploads/2022/08/2e6a7a_ddd1fc0726f14244956b9a9e99357257.webp" alt="" class="wp-image-113 size-full" srcset="https://clairetdegaillon.fr/wp-content/uploads/2022/08/2e6a7a_ddd1fc0726f14244956b9a9e99357257.webp 313w, https://clairetdegaillon.fr/wp-content/uploads/2022/08/2e6a7a_ddd1fc0726f14244956b9a9e99357257-300x294.webp 300w" sizes="auto, (max-width: 313px) 100vw, 313px" /></figure><div class="wp-block-media-text__content">
<p class="has-small-font-size"><strong>Identification/Origine :&nbsp;</strong></p>



<p style="font-size:12px">Il est issu du croisement de la folle blanche (cépage du Gros Plant du Pays nantais) avec un vitis américain, le Riparia grand glabre Il a été créé en 1902 par l’hybrideur François BACO.<br>Suivant les régions, on peut encore trouver quelques petites parcelles de vignes de Baco noir souvent mélangé à d&rsquo;autres variétés. On peut également de trouver des treilles ou tonnelles installées depuis fort longtemps devant d&rsquo;anciennes demeures et se maintenant encore d&rsquo;une façon plus que remarquable grâce à la grande vigueur de ce cépage.</p>



<p style="font-size:12px">A noter qu&rsquo;il existe également un Baco blanc (22 A Baco) issu du croisement de la folle blanche avec le Noah qui est autorisé pour la production d’Armagnac</p>



<p class="has-small-font-size"><strong>Description :&nbsp;</strong></p>



<p style="font-size:12px">Grappes petites à moyennes, cylindriques, plus ou moins compactes, pédoncules courts à moyens généralement fins et restant verts; baies petites, sphériques, d&rsquo;un beau noir bleuté, pulpe molle à saveur herbacée.</p>



<p style="font-size:12px"> </p>



<p></p>
</div></div>



<div class="wp-block-media-text alignwide is-stacked-on-mobile"><figure class="wp-block-media-text__media"><img loading="lazy" decoding="async" width="224" height="224" src="https://clairetdegaillon.fr/wp-content/uploads/2022/08/baco_noir.jpg" alt="" class="wp-image-133 size-full" srcset="https://clairetdegaillon.fr/wp-content/uploads/2022/08/baco_noir.jpg 224w, https://clairetdegaillon.fr/wp-content/uploads/2022/08/baco_noir-150x150.jpg 150w, https://clairetdegaillon.fr/wp-content/uploads/2022/08/baco_noir-100x100.jpg 100w" sizes="auto, (max-width: 224px) 100vw, 224px" /></figure><div class="wp-block-media-text__content">
<p class="has-small-font-size"><strong>Aptitudes de production :&nbsp;</strong></p>



<p style="font-size:12px">Débourre tôt et certaines années il faut craindre les gelées printanières en sachant malheureusement qu&rsquo;il est peu fructifère sur ses contre-bourgeons. En revanche, il a une très bonne résistance au froid hibernal. maturité précoce<br>Très vigoureux, produit de longs sarments puissants et son port est rampant.<br>Sa résistance au phylloxera n&rsquo;est pas suffisante dans tous les sols encore qu&rsquo;il arrive toujours à surmonter cet inconvénient grace à sa très grande vigueur avec quelquefois présence de galles sur ses feuilles.<br>Résiste assez bien au calcaire jusqu&rsquo;à 30 à 40% de calcaire total. Il n&rsquo;est pas sujet à la coulure et possède une bonne résistance au mildiou et à l&rsquo;oïdium. Il est toutefois un peu sensible à la pourriture grise et très sensible à l&rsquo;érinose. Enfin, le Baco noir se multiplie très bien par bouturage. </p>



<p class="has-small-font-size"><strong>Type de vin :&nbsp;</strong></p>



<p style="font-size:12px">Donne des vins riches en alcool, très colorés, un peu amers. Lorsqu&rsquo;il est vinifié en rosé son vin est alors considéré comme correct.</p>
</div></div>

<p>Fiche technique du Florentin doré Origine génétique :&nbsp; Croisement&nbsp;inter-spécifique&nbsp;du 7489 INRA Bordeaux avec la Perle de Csaba obtenu en 1981.&nbsp; Caractéristiques ampélographiques :&nbsp; Bourgeonnement épanoui, rougeâtre, aranéeux, jeune feuille rougeâtre, brillante aranéeuse.&nbsp;Feuille adulte orbiculaire, petite, quinquelobée et involutée, limbe brillant dessus, vert foncé. Face inférieure légèrement aranéeuse. Nervures rouges. Sinus pétiolaire en lyre fermée arrondie. &hellip; </p>
<p class="link-more"><a href="https://clairetdegaillon.fr/index.php/nos-cepages-2/" class="more-link">Continuer la lecture<span class="screen-reader-text"> de &laquo;&nbsp;Nos cépages&nbsp;&raquo;</span></a></p>
